{"id":73,"date":"2025-12-03T18:59:58","date_gmt":"2025-12-03T17:59:58","guid":{"rendered":"https:\/\/nuvion3d.com\/?page_id=73"},"modified":"2025-12-10T22:31:14","modified_gmt":"2025-12-10T21:31:14","slug":"termografia","status":"publish","type":"page","link":"https:\/\/nuvion3d.com\/index.php\/termografia\/","title":{"rendered":"Termografia"},"content":{"rendered":"\t\t<div data-elementor-type=\"wp-page\" data-elementor-id=\"73\" class=\"elementor elementor-73\" data-elementor-post-type=\"page\">\n\t\t\t\t<div class=\"elementor-element elementor-element-b45090f e-flex e-con-boxed e-con e-parent\" data-id=\"b45090f\" data-element_type=\"container\" data-e-type=\"container\">\n\t\t\t\t\t<div class=\"e-con-inner\">\n\t\t<div class=\"elementor-element elementor-element-8095035 e-con-full e-flex e-con e-child\" data-id=\"8095035\" data-element_type=\"container\" data-e-type=\"container\">\n\t\t\t\t<div class=\"elementor-element elementor-element-535121f elementor-widget elementor-widget-heading\" data-id=\"535121f\" data-element_type=\"widget\" data-e-type=\"widget\" data-widget_type=\"heading.default\">\n\t\t\t\t\t<h2 class=\"elementor-heading-title elementor-size-default\">Ispezioni con droni e termocamere: efficienza, sicurezza e prevenzione<\/h2>\t\t\t\t<\/div>\n\t\t\t\t<div class=\"elementor-element elementor-element-55cbb89 elementor-widget elementor-widget-text-editor\" data-id=\"55cbb89\" data-element_type=\"widget\" data-e-type=\"widget\" data-widget_type=\"text-editor.default\">\n\t\t\t\t\t\t\t\t\t<p>Garantire efficienza, sicurezza e durata agli impianti e alle strutture non \u00e8 mai stato cos\u00ec semplice grazie all\u2019uso combinato di droni e termocamere a infrarossi. Queste tecnologie permettono di rilevare malfunzionamenti e anomalie invisibili a occhio nudo, riducendo tempi, costi e rischi, e fornendo dati precisi e immediatamente utilizzabili per interventi mirati e manutenzione preventiva<\/p>\t\t\t\t\t\t\t\t<\/div>\n\t\t\t\t<\/div>\n\t\t\t\t\t<\/div>\n\t\t\t\t<\/div>\n\t\t<div class=\"elementor-element elementor-element-47fe160 e-flex e-con-boxed e-con e-parent\" data-id=\"47fe160\" data-element_type=\"container\" data-e-type=\"container\">\n\t\t\t\t\t<div class=\"e-con-inner\">\n\t\t<div class=\"elementor-element elementor-element-1daab9e e-con-full e-flex e-con e-child\" data-id=\"1daab9e\" data-element_type=\"container\" data-e-type=\"container\">\n\t\t\t\t<div class=\"elementor-element elementor-element-77e1727 elementor-widget elementor-widget-heading\" data-id=\"77e1727\" data-element_type=\"widget\" data-e-type=\"widget\" data-widget_type=\"heading.default\">\n\t\t\t\t\t<h2 class=\"elementor-heading-title elementor-size-default\">Impianti fotovoltaici<\/h2>\t\t\t\t<\/div>\n\t\t\t\t<div class=\"elementor-element elementor-element-6da2a74 elementor-widget elementor-widget-text-editor\" data-id=\"6da2a74\" data-element_type=\"widget\" data-e-type=\"widget\" data-widget_type=\"text-editor.default\">\n\t\t\t\t\t\t\t\t\t<p data-start=\"140\" data-end=\"467\">La termografia \u00e8 oggi uno degli strumenti pi\u00f9 efficaci per monitorare lo stato di salute degli impianti fotovoltaici. Grazie all\u2019utilizzo di termocamere installate su droni, \u00e8 possibile individuare rapidamente anomalie e guasti senza smontare i pannelli, garantendo interventi mirati e una maggiore resa energetica.<\/p><p data-start=\"140\" data-end=\"467\"><span style=\"text-decoration: underline;\"><strong data-start=\"469\" data-end=\"530\">I principali vantaggi della termografia nel fotovoltaico sono:<\/strong><\/span><\/p><p data-start=\"534\" data-end=\"606\">Rilevamento celle, moduli e componenti elettrici surriscaldati o difettosi.<\/p><p data-start=\"534\" data-end=\"606\">Individuazione zone ombreggiate, sporche o con accumuli di polvere.<\/p><p data-start=\"609\" data-end=\"673\">Ispezioni sicure a distanza, anche in presenza di alte tensioni.<\/p><p data-start=\"609\" data-end=\"673\">Riduzione dei costi e dei tempi di manutenzione, sostituendo solo i componenti danneggiati.<\/p><p data-start=\"609\" data-end=\"673\">Fornisce prove oggettive sull\u2019efficienza dell\u2019impianto e sulla qualit\u00e0 dell\u2019installazione.<\/p><p data-start=\"609\" data-end=\"673\">Offre supporto tecnico in caso di contenziosi con installatori o fornitori.<\/p><p data-start=\"1230\" data-end=\"1386\">La termografia \u00e8 un investimento semplice e conveniente per mantenere il tuo impianto sempre efficiente e garantire un ritorno economico costante nel tempo.<\/p><p>Gli impianti solari richiedono un monitoraggio costante per garantire efficienza e rendimento ottimali. I droni equipaggiati con termocamere consentono di individuare rapidamente hotspot, celle difettose o moduli danneggiati, anche su grandi superfici. L\u2019ispezione viene effettuata senza interrompere la produzione di energia, permettendo di risparmiare tempo e ridurre perdite economiche. Intervenire tempestivamente previene guasti pi\u00f9 gravi, cortocircuiti o incendi, massimizzando la sicurezza e l\u2019efficienza complessiva dell\u2019impianto.<\/p>\t\t\t\t\t\t\t\t<\/div>\n\t\t\t\t<\/div>\n\t\t<div class=\"elementor-element elementor-element-d442eeb e-con-full e-flex e-con e-child\" data-id=\"d442eeb\" data-element_type=\"container\" data-e-type=\"container\">\n\t\t\t\t<div class=\"elementor-element elementor-element-f97578d elementor-widget elementor-widget-image\" data-id=\"f97578d\" data-element_type=\"widget\" data-e-type=\"widget\" data-widget_type=\"image.default\">\n\t\t\t\t\t\t\t\t\t\t\t\t\t\t\t<img fetchpriority=\"high\" decoding=\"async\" width=\"800\" height=\"441\" src=\"https:\/\/nuvion3d.com\/wp-content\/uploads\/2025\/12\/termografia_droni-1024x564.jpg\" class=\"attachment-large size-large wp-image-281\" alt=\"\" srcset=\"https:\/\/nuvion3d.com\/wp-content\/uploads\/2025\/12\/termografia_droni-1024x564.jpg 1024w, https:\/\/nuvion3d.com\/wp-content\/uploads\/2025\/12\/termografia_droni-300x165.jpg 300w, https:\/\/nuvion3d.com\/wp-content\/uploads\/2025\/12\/termografia_droni-768x423.jpg 768w, https:\/\/nuvion3d.com\/wp-content\/uploads\/2025\/12\/termografia_droni-1536x847.jpg 1536w, https:\/\/nuvion3d.com\/wp-content\/uploads\/2025\/12\/termografia_droni.jpg 1814w\" sizes=\"(max-width: 800px) 100vw, 800px\" \/>\t\t\t\t\t\t\t\t\t\t\t\t\t\t\t<\/div>\n\t\t\t\t<\/div>\n\t\t\t\t\t<\/div>\n\t\t\t\t<\/div>\n\t\t<div class=\"elementor-element elementor-element-8d1c120 e-flex e-con-boxed e-con e-parent\" data-id=\"8d1c120\" data-element_type=\"container\" data-e-type=\"container\">\n\t\t\t\t\t<div class=\"e-con-inner\">\n\t\t\t\t<div class=\"elementor-element elementor-element-95c5416 elementor-widget-divider--view-line elementor-widget elementor-widget-divider\" data-id=\"95c5416\" data-element_type=\"widget\" data-e-type=\"widget\" data-widget_type=\"divider.default\">\n\t\t\t\t\t\t\t<div class=\"elementor-divider\">\n\t\t\t<span class=\"elementor-divider-separator\">\n\t\t\t\t\t\t<\/span>\n\t\t<\/div>\n\t\t\t\t\t\t<\/div>\n\t\t\t\t\t<\/div>\n\t\t\t\t<\/div>\n\t\t<div class=\"elementor-element elementor-element-76f05c4 e-flex e-con-boxed e-con e-parent\" data-id=\"76f05c4\" data-element_type=\"container\" data-e-type=\"container\">\n\t\t\t\t\t<div class=\"e-con-inner\">\n\t\t<div class=\"elementor-element elementor-element-85a9c78 e-con-full e-flex e-con e-child\" data-id=\"85a9c78\" data-element_type=\"container\" data-e-type=\"container\">\n\t\t\t\t<div class=\"elementor-element elementor-element-3d2bf2b elementor-widget elementor-widget-image\" data-id=\"3d2bf2b\" data-element_type=\"widget\" data-e-type=\"widget\" data-widget_type=\"image.default\">\n\t\t\t\t\t\t\t\t\t\t\t\t\t\t\t<img decoding=\"async\" width=\"800\" height=\"475\" src=\"https:\/\/nuvion3d.com\/wp-content\/uploads\/2025\/12\/termografia4.png\" class=\"attachment-large size-large wp-image-292\" alt=\"\" srcset=\"https:\/\/nuvion3d.com\/wp-content\/uploads\/2025\/12\/termografia4.png 800w, https:\/\/nuvion3d.com\/wp-content\/uploads\/2025\/12\/termografia4-300x178.png 300w, https:\/\/nuvion3d.com\/wp-content\/uploads\/2025\/12\/termografia4-768x456.png 768w\" sizes=\"(max-width: 800px) 100vw, 800px\" \/>\t\t\t\t\t\t\t\t\t\t\t\t\t\t\t<\/div>\n\t\t\t\t<\/div>\n\t\t<div class=\"elementor-element elementor-element-f3e97ba e-con-full e-flex e-con e-child\" data-id=\"f3e97ba\" data-element_type=\"container\" data-e-type=\"container\">\n\t\t\t\t<div class=\"elementor-element elementor-element-6196277 elementor-widget elementor-widget-heading\" data-id=\"6196277\" data-element_type=\"widget\" data-e-type=\"widget\" data-widget_type=\"heading.default\">\n\t\t\t\t\t<h2 class=\"elementor-heading-title elementor-size-default\">Edifici e ponti termici<\/h2>\t\t\t\t<\/div>\n\t\t\t\t<div class=\"elementor-element elementor-element-b82ffdd elementor-widget elementor-widget-text-editor\" data-id=\"b82ffdd\" data-element_type=\"widget\" data-e-type=\"widget\" data-widget_type=\"text-editor.default\">\n\t\t\t\t\t\t\t\t\t<p data-start=\"152\" data-end=\"475\">Anche in edifici recenti o in classe energetica A o B possono verificarsi dispersioni di calore, ponti termici e problemi di isolamento che aumentano i consumi e favoriscono la formazione di muffa. La termografia \u00e8 il metodo pi\u00f9 efficace, rapido e non invasivo per individuare queste criticit\u00e0 e intervenire in modo mirato.<\/p><p data-start=\"477\" data-end=\"719\">Grazie alle immagini a infrarossi, \u00e8 possibile rilevare zone non isolate, difetti costruttivi, serramenti inadeguati e discontinuit\u00e0 termiche invisibili a occhio nudo.<\/p><p data-start=\"477\" data-end=\"719\">L\u2019indagine permette di:<\/p><ul data-start=\"721\" data-end=\"1043\"><li data-start=\"721\" data-end=\"780\"><p data-start=\"723\" data-end=\"780\">Localizzare con precisione ponti termici e dispersioni.<\/p><\/li><li data-start=\"781\" data-end=\"851\"><p data-start=\"783\" data-end=\"851\">Valutare l\u2019efficienza energetica dell\u2019edificio con dati oggettivi.<\/p><\/li><li data-start=\"852\" data-end=\"897\"><p data-start=\"854\" data-end=\"897\">Individuare le cause di muffa e condensa.<\/p><\/li><li data-start=\"898\" data-end=\"963\"><p data-start=\"900\" data-end=\"963\">Progettare interventi di isolamento mirati e ridurre i costi.<\/p><\/li><li data-start=\"964\" data-end=\"1043\"><p data-start=\"966\" data-end=\"1043\">Verificare la qualit\u00e0 dei lavori eseguiti e supportare eventuali contenziosi.<\/p><\/li><\/ul><p data-start=\"966\" data-end=\"1043\">La termografia \u00e8 indispensabile perch\u00e8 evidenzia difetti nelle pareti, nel tetto, nei serramenti, nei ponti tra struttura e muratura e in tutte le zone dove il calore trova una \u201cvia preferenziale\u201d per disperdersi.<\/p><p>La termografia \u00e8 quindi un investimento prezioso: permette di vivere in una casa sana, ridurre i consumi e programmare interventi realmente efficaci.<\/p><p data-start=\"1045\" data-end=\"1317\">\u00a0<\/p>\t\t\t\t\t\t\t\t<\/div>\n\t\t\t\t<\/div>\n\t\t\t\t\t<\/div>\n\t\t\t\t<\/div>\n\t\t<div class=\"elementor-element elementor-element-8a32a1f e-flex e-con-boxed e-con e-parent\" data-id=\"8a32a1f\" data-element_type=\"container\" data-e-type=\"container\">\n\t\t\t\t\t<div class=\"e-con-inner\">\n\t\t\t\t<div class=\"elementor-element elementor-element-2193c85 elementor-widget-divider--view-line elementor-widget elementor-widget-divider\" data-id=\"2193c85\" data-element_type=\"widget\" data-e-type=\"widget\" data-widget_type=\"divider.default\">\n\t\t\t\t\t\t\t<div class=\"elementor-divider\">\n\t\t\t<span class=\"elementor-divider-separator\">\n\t\t\t\t\t\t<\/span>\n\t\t<\/div>\n\t\t\t\t\t\t<\/div>\n\t\t\t\t\t<\/div>\n\t\t\t\t<\/div>\n\t\t<div class=\"elementor-element elementor-element-bd4b11f e-flex e-con-boxed e-con e-parent\" data-id=\"bd4b11f\" data-element_type=\"container\" data-e-type=\"container\">\n\t\t\t\t\t<div class=\"e-con-inner\">\n\t\t<div class=\"elementor-element elementor-element-90f9f58 e-con-full e-flex e-con e-child\" data-id=\"90f9f58\" data-element_type=\"container\" data-e-type=\"container\">\n\t\t\t\t<div class=\"elementor-element elementor-element-995d96f elementor-widget elementor-widget-heading\" data-id=\"995d96f\" data-element_type=\"widget\" data-e-type=\"widget\" data-widget_type=\"heading.default\">\n\t\t\t\t\t<h2 class=\"elementor-heading-title elementor-size-default\">Linee elettriche e impianti industriali<\/h2>\t\t\t\t<\/div>\n\t\t\t\t<div class=\"elementor-element elementor-element-66b0139 elementor-widget elementor-widget-text-editor\" data-id=\"66b0139\" data-element_type=\"widget\" data-e-type=\"widget\" data-widget_type=\"text-editor.default\">\n\t\t\t\t\t\t\t\t\t<p data-start=\"62\" data-end=\"831\">Le ispezioni con termocamere applicate ai sistemi elettrici e agli impianti industriali rappresentano uno strumento estremamente efficace per individuare con rapidit\u00e0 e precisione componenti surriscaldati, connessioni difettose, dispersioni di energia e potenziali malfunzionamenti. Attraverso la rilevazione delle anomalie termiche, \u00e8 possibile identificare problemi nascosti che non sarebbero visibili a occhio nudo, soprattutto quando si trovano in zone difficili da raggiungere o all\u2019interno di strutture complesse. Questo tipo di analisi preventiva \u00e8 essenziale per evitare guasti improvvisi, cortocircuiti o arresti non programmati della produzione, contribuendo a mantenere costante l\u2019efficienza dell\u2019impianto e a ridurre i costi di manutenzione straordinaria.Le ispezioni termografiche svolte tramite drone offrono un ulteriore vantaggio: l\u2019accesso rapido e sicuro ad aree elevate, estese o potenzialmente pericolose, senza la necessit\u00e0 di fermare le linee produttive o montare impalcature. La possibilit\u00e0 di eseguire rilievi aerei consente di ridurre drasticamente i tempi di intervento e di minimizzare l\u2019impatto sulle attivit\u00e0 quotidiane, garantendo una continuit\u00e0 operativa ottimale. Inoltre, la raccolta di immagini ad alta risoluzione permette di creare report dettagliati e confrontabili nel tempo, facilitando una manutenzione programmata pi\u00f9 accurata e una gestione pi\u00f9 consapevole degli impianti, a beneficio sia della sicurezza degli operatori sia della longevit\u00e0 delle infrastrutture.<\/p>\t\t\t\t\t\t\t\t<\/div>\n\t\t\t\t<\/div>\n\t\t<div class=\"elementor-element elementor-element-b428bc0 e-con-full e-flex e-con e-child\" data-id=\"b428bc0\" data-element_type=\"container\" data-e-type=\"container\">\n\t\t\t\t<div class=\"elementor-element elementor-element-f0e0bf0 elementor-widget elementor-widget-image\" data-id=\"f0e0bf0\" data-element_type=\"widget\" data-e-type=\"widget\" data-widget_type=\"image.default\">\n\t\t\t\t\t\t\t\t\t\t\t\t\t\t\t<img decoding=\"async\" width=\"800\" height=\"542\" src=\"https:\/\/nuvion3d.com\/wp-content\/uploads\/2025\/12\/Termo-linea-elettrica-1024x694.png\" class=\"attachment-large size-large wp-image-293\" alt=\"\" srcset=\"https:\/\/nuvion3d.com\/wp-content\/uploads\/2025\/12\/Termo-linea-elettrica-1024x694.png 1024w, https:\/\/nuvion3d.com\/wp-content\/uploads\/2025\/12\/Termo-linea-elettrica-300x203.png 300w, https:\/\/nuvion3d.com\/wp-content\/uploads\/2025\/12\/Termo-linea-elettrica-768x520.png 768w, https:\/\/nuvion3d.com\/wp-content\/uploads\/2025\/12\/Termo-linea-elettrica.png 1272w\" sizes=\"(max-width: 800px) 100vw, 800px\" \/>\t\t\t\t\t\t\t\t\t\t\t\t\t\t\t<\/div>\n\t\t\t\t<\/div>\n\t\t\t\t\t<\/div>\n\t\t\t\t<\/div>\n\t\t<div class=\"elementor-element elementor-element-64722e5 e-flex e-con-boxed e-con e-parent\" data-id=\"64722e5\" data-element_type=\"container\" data-e-type=\"container\">\n\t\t\t\t\t<div class=\"e-con-inner\">\n\t\t\t\t<div class=\"elementor-element elementor-element-956b32c elementor-widget-divider--view-line elementor-widget elementor-widget-divider\" data-id=\"956b32c\" data-element_type=\"widget\" data-e-type=\"widget\" data-widget_type=\"divider.default\">\n\t\t\t\t\t\t\t<div class=\"elementor-divider\">\n\t\t\t<span class=\"elementor-divider-separator\">\n\t\t\t\t\t\t<\/span>\n\t\t<\/div>\n\t\t\t\t\t\t<\/div>\n\t\t\t\t\t<\/div>\n\t\t\t\t<\/div>\n\t\t<div class=\"elementor-element elementor-element-417c077 e-flex e-con-boxed e-con e-parent\" data-id=\"417c077\" data-element_type=\"container\" data-e-type=\"container\">\n\t\t\t\t\t<div class=\"e-con-inner\">\n\t\t\t\t<div class=\"elementor-element elementor-element-89fbe21 elementor-widget elementor-widget-heading\" data-id=\"89fbe21\" data-element_type=\"widget\" data-e-type=\"widget\" data-widget_type=\"heading.default\">\n\t\t\t\t\t<h2 class=\"elementor-heading-title elementor-size-default\">Monitoraggio continuo e manutenzione preventiva:<\/h2>\t\t\t\t<\/div>\n\t\t\t\t<div class=\"elementor-element elementor-element-01be060 elementor-widget elementor-widget-text-editor\" data-id=\"01be060\" data-element_type=\"widget\" data-e-type=\"widget\" data-widget_type=\"text-editor.default\">\n\t\t\t\t\t\t\t\t\t<p>Ogni ispezione genera report dettagliati, mappe termografiche e immagini ad alta risoluzione, strumenti indispensabili per la manutenzione programmata, la verifica delle performance e la documentazione tecnica. Grazie a queste informazioni, \u00e8 possibile pianificare interventi mirati, ridurre i costi di manutenzione straordinaria e prevenire problemi futuri, proteggendo gli investimenti nel lungo periodo.<\/p><p>I nostri servizi non si limitano a rilevare problemi: offriamo una soluzione completa, integrando dati, analisi e consulenza per ottimizzare le prestazioni e garantire sicurezza e continuit\u00e0 operativa. Che si tratti di impianti fotovoltaici, edifici, ponti, linee elettriche o impianti industriali, l\u2019uso di droni e termocamere rappresenta una strategia intelligente per prevenire guasti, aumentare efficienza e valorizzare ogni struttura o investimento.<\/p><p data-start=\"3273\" data-end=\"3682\">on l\u2019adozione di tecnologie avanzate, come i droni e le termocamere ad alta risoluzione, i clienti possono accedere a strumenti di monitoraggio all\u2019avanguardia, ottenere informazioni precise in tempi ridotti e prendere decisioni pi\u00f9 consapevoli. Questo approccio combina innovazione, sicurezza e vantaggi economici, offrendo risultati tangibili e immediatamente operativi.<\/p><p data-start=\"3684\" data-end=\"4099\">In sintesi, le ispezioni con droni e termocamere rappresentano oggi una soluzione completa e strategica per garantire la massima efficienza, prevenzione e sicurezza in qualsiasi settore: dal fotovoltaico all\u2019edilizia, fino agli impianti industriali e infrastrutturali. Proteggere i propri investimenti, ridurre rischi e costi e aumentare la performance delle strutture non \u00e8 mai stato cos\u00ec semplice e accessibile.<\/p><hr data-start=\"4101\" data-end=\"4104\" \/>\t\t\t\t\t\t\t\t<\/div>\n\t\t\t\t\t<\/div>\n\t\t\t\t<\/div>\n\t\t\t\t<\/div>\n\t\t","protected":false},"excerpt":{"rendered":"<p>Ispezioni con droni e termocamere: efficienza, sicurezza e prevenzione Garantire efficienza, sicurezza e durata agli impianti e alle strutture non \u00e8 mai stato cos\u00ec semplice grazie all\u2019uso combinato di droni e termocamere a infrarossi. Queste tecnologie permettono di rilevare malfunzionamenti e anomalie invisibili a occhio nudo, riducendo tempi, costi e rischi, e fornendo dati precisi [&hellip;]<\/p>\n","protected":false},"author":1,"featured_media":0,"parent":0,"menu_order":0,"comment_status":"closed","ping_status":"closed","template":"","meta":{"footnotes":""},"class_list":["post-73","page","type-page","status-publish","hentry"],"_links":{"self":[{"href":"https:\/\/nuvion3d.com\/index.php\/wp-json\/wp\/v2\/pages\/73","targetHints":{"allow":["GET"]}}],"collection":[{"href":"https:\/\/nuvion3d.com\/index.php\/wp-json\/wp\/v2\/pages"}],"about":[{"href":"https:\/\/nuvion3d.com\/index.php\/wp-json\/wp\/v2\/types\/page"}],"author":[{"embeddable":true,"href":"https:\/\/nuvion3d.com\/index.php\/wp-json\/wp\/v2\/users\/1"}],"replies":[{"embeddable":true,"href":"https:\/\/nuvion3d.com\/index.php\/wp-json\/wp\/v2\/comments?post=73"}],"version-history":[{"count":37,"href":"https:\/\/nuvion3d.com\/index.php\/wp-json\/wp\/v2\/pages\/73\/revisions"}],"predecessor-version":[{"id":366,"href":"https:\/\/nuvion3d.com\/index.php\/wp-json\/wp\/v2\/pages\/73\/revisions\/366"}],"wp:attachment":[{"href":"https:\/\/nuvion3d.com\/index.php\/wp-json\/wp\/v2\/media?parent=73"}],"curies":[{"name":"wp","href":"https:\/\/api.w.org\/{rel}","templated":true}]}}